hen 85499 is divided by 76?
75
What is the remainder when 816 is divided by 230?
126
Calculate the remainder when 212 is divided by 31.
26
Calculate the remainder when 52 is divided by 14.
10
Calculate the remainder when 363 is divided by 51.
6
Calculate the remainder when 289 is divided by 145.
144
Calculate the remainder when 2877 is divided by 14.
7
What is the remainder when 241 is divided by 125?
116
What is the remainder when 770 is divided by 190?
10
What is the remainder when 147 is divided by 57?
33
Calculate the remainder when 10101 is divided by 326.
321
Calculate the remainder when 251 is divided by 15.
11
Calculate the remainder when 725 is divided by 23.
12
Calculate the remainder when 549 is divided by 6.
3
Calculate the remainder when 1117 is divided by 32.
29
What is the remainder when 4239 is divided by 7?
4
What is the remainder when 1749 is divided by 175?
174
Calculate the remainder when 12533 is divided by 109.
107
What is the remainder when 128 is divided by 18?
2
Calculate the remainder when 93 is divided by 19.
17
Calculate the remainder when 622 is divided by 13.
11
Calculate the remainder when 299 is divided by 289.
10
What is the remainder when 406 is divided by 10?
6
Calculate the remainder when 152 is divided by 33.
20
What is the remainder when 131 is divided by 68?
63
Calculate the remainder when 235 is divided by 41.
30
Calculate the remainder when 1126 is divided by 228.
214
What is the remainder when 116 is divided by 25?
16
What is the remainder when 306 is divided by 145?
16
Calculate the remainder when 4175 is divided by 72.
71
Calculate the remainder when 7495 is divided by 49.
47
What is the remainder when 2463 is divided by 88?
87
What is the remainder when 365 is divided by 161?
43
What is the remainder when 196 is divided by 59?
19
What is the remainder when 220 is divided by 57?
49
What is the remainder when 190 is divided by 6?
4
What is the remainder when 136 is divided by 71?
65
Calculate the remainder when 230 is divided by 62.
44
What is the remainder when 1066 is divided by 138?
100
What is the remainder when 597 is divided by 129?
81
Calculate the remainder when 403 is divided by 132.
7
What is the remainder when 5048 is divided by 187?
186
Calculate the remainder when 155 is divided by 42.
29
What is the remainder when 98 is divided by 37?
24
Calculate the remainder when 970 is divided by 81.
79
Calculate the remainder when 77 is divided by 58.
19
Calculate the remainder when 328 is divided by 168.
160
What is the remainder when 2099 is divided by 263?
258
What is the remainder when 124 is divided by 42?
40
Calculate the remainder when 1120 is divided by 299.
223
What is the remainder when 564 is divided by 179?
27
Calculate the remainder when 420 is divided by 9.
6
What is the remainder when 42 is divided by 4?
2
What is the remainder when 801 is divided by 334?
133
What is the remainder when 918 is divided by 184?
182
Calculate the remainder when 25030 is divided by 4.
2
Calculate the remainder when 5381 is divided by 13.
12
Calculate the remainder when 490 is divided by 240.
10
What is the remainder when 134 is divided by 27?
26
Calculate the remainder when 171 is divided by 56.
3
What is the remainder when 267 is divided by 34?
29
What is the remainder when 941 is divided by 4?
1
What is the remainder when 1523 is divided by 22?
5
What is the remainder when 2202 is divided by 9?
6
What is the remainder when 804 is divided by 293?
218
Calculate the remainder when 127 is divided by 36.
19
Calculate the remainder when 43 is divided by 16.
11
Calculate the remainder when 1176 is divided by 78.
6
Calculate the remainder when 1520 is divided by 6.
2
What is the remainder when 2365 is divided by 23?
19
Calculate the remainder when 728 is divided by 81.
80
Calculate the remainder when 2546 is divided by 51.
47
What is the remainder when 628 is divided by 90?
88
Calculate the remainder when 444 is divided by 6.
0
Calculate the remainder when 38 is divided by 17.
4
Calculate the remainder when 83 is divided by 50.
33
Calculate the remainder when 2222 is divided by 57.
56
What is the remainder when 415 is divided by 19?
16
Calculate the remainder when 27 is divided by 10.
7
What is the remainder when 1629 is divided by 68?
65
What is the remainder when 277 is divided by 28?
25
Calculate the remainder when 832 is divided by 37.
18
What is the remainder when 14988 is divided by 7488?
12
Calculate the remainder when 913 is divided by 15.
13
Calculate the remainder when 1433 is divided by 35.
33
Calculate the remainder when 191 is divided by 54.
29
Calculate the remainder when 12498 is divided by 27.
24
Calculate the remainder when 258 is divided by 29.
26
What is the remainder when 213 is divided by 25?
13
What is the remainder when 1006 is divided by 80?
46
What is the remainder when 89 is divided by 30?
29
Calculate the remainder when 15577 is divided by 95.
92
What is the remainder when 179 is divided by 18?
17
Calculate the remainder when 37 is divided by 17.
3
Calculate the remainder when 609 is divided by 102.
99
Calculate the remainder when 883 is divided by 15.
13
Calculate the remainder when 1058 is divided by 206.
28
What is the remainder when 1363 is divided by 11?
10
What is the remainder when 469 is divided by 229?
11
Calculate the remainder when 618 is divided by 127.
110
What is the remainder when 10 is divided by 5?
0
Calculate the remainder when 358 is divided by 119.
1
Calculate the remainder when 47 is divided by 17.
13
Calculate the remainder when 388 is divided by 120.
28
What is the remainder when 68 is divided by 38?
30
What is the remainder when 260 is divided by 125?
10
Calculate the remainder when 42 is divided by 32.
10
What is the remainder when 366 is divided by 121?
3
Calculate the remainder when 129 is divided by 22.
19
What is the remainder when 1225 is divided by 3?
1
What is the remainder when 323 is divided by 27?
26
Calculate the remainder when 110 is divided by 4.
2
Calculate the remainder when 407 is divided by 162.
83
Calculate the remainder when 306 is divided by 14.
12
Calculate the remainder when 28 is divided by 8.
4
Calculate the remainder when 940 is divided by 468.
4
Calculate the remainder when 8317 is divided by 141.
139
What is the remainder when 174 is divided by 17?
4
What is the remainder when 77 is divided by 14?
7
What is the remainder when 263 is divided by 36?
11
What is the remainder when 92 is divided by 13?
1
What is the remainder when 530 is divided by 106?
0
What is the remainder when 14110 is divided by 98?
96
Calculate the remainder when 967 is divided by 56.
15
What is the remainder when 125 is divided by 34?
23
What is the remainder when 2567 is divided by 107?
106
What is the remainder when 1525 is divided by 30?
25
Calculate the remainder when 109 is divided by 10.
9
What is the remainder when 7933 is divided by 42?
37
Calculate the remainder when 224 is divided by 124.
100
Calculate the remainder when 50 is divided by 18.
14
What is the remainder when 6206 is divided by 97?
95
What is the remainder when 44 is divided by 29?
15
What is the remainder when 30 is divided by 21?
9
Calculate the remainder when 280 is divided by 54.
10
Calculate the remainder when 459 is divided by 22.
19
Calculate the remainder when 62 is divided by 47.
15
Calculate the remainder when 212 is divided by 72.
68
Calculate the remainder when 169 is divided by 10.
9
What is the remainder when 1125 is divided by 367?
24
What is the remainder when 3882 is divided by 162?
156
Calculate the remainder when 133 is divided by 41.
10
What is the remainder when 207 is divided by 91?
25
What is the remainder when 241 is divided by 22?
21
Calculate the remainder when 136 is divided by 10.
6
Calculate the remainder when 4576 is divided by 19.
16
Calculate the remainder when 369 is divided by 29.
21
Calculate the remainder when 475 is divided by 234.
7
What is the remainder when 354 is divided by 53?
36
Calculate the remainder when 53478 is divided by 140.
138
Calculate the remainder when 186 is divided by 54.
24
Calculate the remainder when 29 is divided by 8.
5
Calculate the remainder when 543 is divided by 267.
9
What is the remainder when 1150 is divided by 36?
34
Ca